t are the prime factors of q?
19
Let o = -9 - -9. Suppose o = 5*w - 2*c - 107, -w - 2*c = 2*c - 39. What are the prime factors of w?
23
Let b(g) = 2*g - 5. Suppose -2*f = 5*n - 4*f - 17, -14 = -5*n - f. Let w(q) = q**2 - 2*q + 4. Let j be w(n). List the prime factors of b(j).
3
Suppose -5*q = 267 - 1122. What are the prime factors of q?
3, 19
Suppose 3*y = 56 - 11. What are the prime factors of y?
3, 5
Suppose 6*b - 2*b - 31 = -5*g, -2*b - g + 17 = 0. Let k = b + -7. What are the prime factors of k?
2
Suppose -3*w - 23 = -p + w, -4*p + 2*w + 22 = 0. Suppose -28 = -5*r - p. Suppose 3*z - 48 = r*a, z - 5*a = 3*z - 7. List the prime factors of z.
11
Let x = 13 + -18. Let q(o) = o**3 + 6*o**2 + 6*o + 7. Let a be q(x). Suppose 5*s - 45 = -a*i - 3*i, 3*i - 37 = -5*s. List the prime factors of s.
5
List the prime factors of (-35)/7*78/(-10).
3, 13
Let q = -3 - -5. Suppose -q*j + m = -77, j - 1 - 33 = -m. What are the prime factors of j?
37
Let s = 14 + -8. Let q be -1 - s/(-2) - -3. Let a = q + -1. What are the prime factors of a?
2
Let s = 37 + -26. Let w = 5 + s. Suppose -w = -2*j + 3*f, -3*j + 0*f + 24 = 5*f. List the prime factors of j.
2
Suppose 0 = -4*t + 544 + 88. Suppose 3*f - 14 + t = 4*w, 0 = 4*w - 4*f - 140. What are the prime factors of w?
3, 13
Suppose n = -2*f + 17 + 34, f + n - 28 = 0. Suppose b - 3*z - 23 = 0, b = -0*b - 3*z + f. List the prime factors of b.
23
Let z be (-6)/18 + (-32)/(-6). Suppose -t + z = -3*n, -3*t - 2*t = 3*n - 115. List the prime factors of t.
2, 5
Let k be (3 - 2) + -1 + 4. Suppose 0*z + 20 = k*z. What are the prime factors of (-1)/((-1)/z) + 1?
2, 3
Let a = -31 + 44. Suppose 2*n + 2*i + 14 = 0, 4*i + 8 + 6 = -2*n. Let s = n + a. List the prime factors of s.
2, 3
Let h be (-1)/7 - 150/(-21). Let t be h*3/6*2. Let n = 3 + t. What are the prime factors of n?
2, 5
Suppose -3*h - 4*q = -11, q + 2*q = -5*h. What are the prime factors of h*(-4)/(-6) + 29?
3
Let k(p) = -1 - 5*p**2 - 4 + 7 - p**3. Let i be k(-5). List the prime factors of i + -2 + (1 - -7).
2
Suppose 0 = -2*y - 7 + 167. List the prime factors of y.
2, 5
Suppose 2*i = -3*d - 447, -i - 673 = 2*i + 4*d. Let x be -6 + 3 + (-1 + 8)*-1. List the prime factors of i/(-15) + 4/x.
3, 5
Let c(l) = -l**3 - 7*l**2 - 4*l - 1. Let h be ((-10)/(-20))/(2/(-28)). What are the prime factors of c(h)?
3
Suppose 8*f = 3*f + 270. Suppose 2 = -3*j - c + f, 5*j - 3*c = 110. What are the prime factors of j?
19
What are the prime factors of (92/(-3) - -1)*-3?
89
Suppose 2*v + 2 + 3 = -5*s, -4*s = -4. Let l = v + 9. Suppose -3*k - 49 = -l*y + 21, 34 = 2*y - k. What are the prime factors of y?
2
Let x = -2 - 4. What are the prime factors of 12/14*(-42)/x?
2, 3
Suppose 0 = 3*c + 5*d - 133, -2*d + 142 = 3*c - 6*d. List the prime factors of c.
2, 23
Let v = -62 - -144. What are the prime factors of v?
2, 41
Let v be 0*1/(-3) + 0. Suppose v = -0*c + c. What are the prime factors of 12/(-1*(c + -1))?
2, 3
Suppose 4*g = 5*y - 3*y - 12, y - 30 = -4*g. What are the prime factors of y?
2, 7
Suppose 3*i = 3*y - 132, y - 2*i = 40 + 6. Let u(t) = 16*t + 2. Let x be u(-2). Let l = y + x. What are the prime factors of l?
2, 3
Let g be 3 - (0 + 1)*-10. Suppose -5*n = -6*n + g. List the prime factors of n.
13
Suppose -2 = -4*a - s + 9, 15 = 5*a + s. Suppose a = -4*i - 32. Let j = 2 - i. What are the prime factors of j?
11
Let p = 19 - 8. Let y(v) = v - 5. What are the prime factors of y(p)?
2, 3
Suppose 0*s = -s - 4. Let r = s + 13. List the prime factors of r.
3
Let i be 4/12 - (-8)/12. List the prime factors of i/7 - (-752)/28.
3
Suppose 0 = -5*j + 11 + 4. Let f = 6 - j. List the prime factors of (1/2)/(f/48).
2
Let h(y) = -y**3 + 2*y**2 - 4*y + 3. Let c be h(2). Let x(d) = -5*d + 5. List the prime factors of x(c).
2, 3, 5
Suppose -2*l + l - 6 = 0. What are the prime factors of l*(2 + 17/(-2))?
3, 13
Let v(n) = -n**2 - n + 10. Suppose 0*y = y. Suppose y = 3*x - 5*x. What are the prime factors of v(x)?
2, 5
Let c = 3 - 0. What are the prime factors of c?
3
Let m = 464 - 231. What are the prime factors of m?
233
Suppose 5*i = 1 + 64. What are the prime factors of i?
13
Suppose -2*c + 5*c = 162. What are the prime factors of c?
2, 3
Let h(w) = w**2 - 5*w + 5. Let o be h(5). Let a = -41 - -71. Suppose -o*v + 3*y + a = -3*v, -3*v - 5*y + 7 = 0. List the prime factors of v.
3
Suppose 0*l = -5*l + 15. Suppose l*j = -j - 16. Let p = 2 - j. What are the prime factors of p?
2, 3
Suppose 2*q - 8 = -2*q. List the prime factors of (-20 - -12)*(-9)/q.
2, 3
Let p be -34 - (1 - 3 - -1). Let j = p - -17. Let y = j + 25. List the prime factors of y.
3
Let b(i) be the first derivative of i**2 + 10 - 4*i - 7 + 2*i**2. List the prime factors of b(3).
2, 7
Let p = -129 - -27. List the prime factors of (2/(-2))/(6/p).
17
Let u(n) = n**3 + 5*n**2 - n. Let i(b) = -2*b + 1. Let g be i(-2). Suppose 0*x - x - g = 0. List the prime factors of u(x).
5
Suppose l - 5*o = 29, -2*l + 0*o = -4*o - 64. List the prime factors of l.
2, 17
Let m(a) = -2*a**2 - 6*a. Let b be m(-5). Let z = -72 + 103. Let c = b + z. What are the prime factors of c?
11
Let o(s) = -2*s + 81. List the prime factors of o(0).
3
Let u = -24 - -43. Suppose u = -2*r + 5*b, -4*b + 6*b = -2*r + 16. List the prime factors of (6 - 1) + (5 - r).
7
Let i = -10 + 7. List the prime factors of ((-24)/9)/(2/i).
2
Suppose 120 = 5*q - 5*j, 5*q - 128 = j + 2*j. Let l be 12/(-4) + 38/2. Let f = q - l. What are the prime factors of f?
2, 3
Let q(j) = 4*j**3 - 7*j**2 + 3*j - 4. What are the prime factors of q(3)?
2, 5
Let k = -63 + 102. List the prime factors of k.
3, 13
List the prime factors of (-19)/38 + 33/2.
2
Let i = 6 + -16. Let h be (-75)/i*(-8)/(-6). List the prime factors of 8/h*15/2.
2, 3
Let f = 18 + -11. Suppose 4*v - 22 = 2*i, 3*v - 5*i - 15 - 12 = 0. Suppose 5*y - v*g = f*y + 2, -5*g - 10 = y. What are the prime factors of y?
5
Let m be (18/(-15))/(4/(-10)). Suppose -m*l + 0*l = -39. What are the prime factors of l?
13
Suppose 2*u - 5*a - 25 = -10, a + 3 = -4*u. Suppose -4*d = -5*j + 90, j + 0*j + 5*d - 47 = u. What are the prime factors of j?
2, 11
Suppose -5*w = 3*k + 26 + 41, -3*k + 5*w = 47. Let x = -3 - k. Let i = 26 - x. What are the prime factors of i?
2, 5
Suppose 2*t - 65 = 7*t. Let z = t + 29. What are the prime factors of z?
2
Let n(k) = -29*k. What are the prime factors of n(-1)?
29
Suppose -2*f + 102 = 34. Let d be 0 - 0 - (-5)/1. Suppose -85 = -5*t - h, -3*t = -d*t - 3*h + f. What are the prime factors of t?
17
Suppose -3*b + 3 = -3*v, 0 = 2*v - 4*b - b + 14. Suppose 0*u + 27 = v*u. List the prime factors of u.
3
Let a(f) = -f**3 + f**2 - f - 1. Let c(z) = z**3 + 8*z**2 - 6*z - 9. Let j(b) = -2*a(b) - c(b). Suppose 4*x + 18 = 6*x. List the prime factors of j(x).
2
Let r(y) be the first derivative of 0*y - 2 - 1/2*y**2. List the prime factors of r(-5).
5
Let b(z) = z - 1. Let j(c) = 5*c - 4. Let x(d) = -11*b(d) + 2*j(d). Let m be x(-3). Suppose -m = -0*g - g. What are the prime factors of g?
2, 3
List the prime factors of (5 - 11)/((-6)/4).
2
Suppose -17 = -o - 5*y, -3 = -2*o - o + y. Suppose 9 = o*t - 49. List the prime factors of t.
29
Let v be (-3)/(-6) - (-301)/(-2). List the prime factors of v/(-12) - 1/(-2).
13
Let i = -5 + 10. Suppose -3*x = -i*x. Suppose x*j = -j + 8. List the prime factors of j.
2
Let o(y) = -y - 7. Let g be o(-5). Let d be g/(1/(-1)) - -2. Suppose 29 = d*c + 5. List the prime factors of c.
2, 3
Suppose 0 = -5*d - 2*k - 33, -d + 4*k + 17 = -4*d. Let o = 9 + d. What are the prime factors of o?
2
Let b = 10 + 23. Let h be (-1)/((-1)/(-10)*-2). Suppose 5*i - 3*q - b = 25, 4*i = h*q + 36. List the prime factors of i.
2, 7
Suppose 6*d - 9*d + 90 = 0. List the prime factors of d.
2, 3, 5
Suppose -u - 7 = -3*g, 0 = -6*g + 5*g + 3*u - 11. Suppose -5*q + 30 = -2*n, -g*q - 2 = 4*n - 54. What are the prime factors of q?
2
Let n(p) = p + 10. Let s be n(-7). Suppose -s = -y + 1. What are the prime factors of y?
2
Let r = 5 + 0. Suppose -r*m + 3*m + 40 = 0. List the prime factors of m.
2, 5
Suppose -2 = -4*a - 14. List the prime factors of (a - 1/(-2))*-6.
3, 5
Let u(x) = x**3 - x**2 - 9*x + 11. What are the prime factors of u(5)?
2, 3, 11
Let l(c) = -c**2 - 6*c - 3. Let b be l(-4). Suppose 0 = 2*o - b*g - 36, 3*g + 15 = 3*o - 21.